8 + t. What is the tens digit of b?
4
Let r = -52 - -59. Suppose -r*i + 1218 = -0*i. What is the units digit of i?
4
Let g be ((-26)/4)/((-7)/28). Suppose -b = t - 11, t - 2*b - g = -0*t. Suppose -a = a - t. What is the units digit of a?
8
Let d(c) = 16 - 3 - 9 - 12*c. Let a be d(-5). Suppose 3*j - 7*j = -a. What is the units digit of j?
6
Let i = 10 - 5. Suppose -45 = -i*b + 2*l + 9, b = -5*l. What is the units digit of (6/b)/((-4)/(-20))?
3
What is the units digit of (-2409)/(-6) + 6*4/(-48)?
1
Suppose -3*w - 3*u + 4*u + 1961 = 0, -4*u - 2628 = -4*w. What is the tens digit of w?
5
What is the thousands digit of (30/5 - -1031)/(1/4)?
4
Suppose -2*i - 3*s + 1145 = 0, -13*i + 17*i - 5*s - 2257 = 0. What is the units digit of i?
8
Let s(k) = 15*k**2 + 3*k. What is the hundreds digit of s(-6)?
5
Let u be (-1)/((-2)/((-3)/(12/(-16)))). Suppose 0 = u*h + 6, p - 4*h - 544 = -202. What is the tens digit of p?
3
Let b = -1318 + 1509. What is the hundreds digit of b?
1
What is the thousands digit of 2/20*-5 - (-3849)/2?
1
Let g(s) = s**3 - 9*s**2 - 20*s - 17. Let c be g(11). Suppose -c*x + 5 = 0, x - 21 + 94 = h. What is the units digit of h?
4
Let k = 1008 - -884. What is the tens digit of k?
9
Let d = -35 - -42. Suppose 3*a - d*a + 52 = 0. What is the tens digit of a?
1
Let i be (-2)/(18/(-12) - -1). Let z be 65 - 1*(-1)/(-1). Suppose 2*o + z = i*o. What is the tens digit of o?
3
Suppose -12182 = -5*s + 3*g, -28*g - 4852 = -2*s - 32*g. What is the thousands digit of s?
2
Let u = 1445 - -496. What is the thousands digit of u?
1
Let m = 937 + -901. Suppose 4*a + 5 + 63 = 0. Let u = m + a. What is the units digit of u?
9
Suppose -4*f - 3*q = -2502, 0*q + 4 = -2*q. What is the tens digit of f?
2
Let q(y) = y**3 - 4*y**2 - y + 4. Let f be q(5). Let r be (f/18)/(4/6). Suppose -17 - 29 = -3*m - r*d, -3*m + 38 = 4*d. What is the tens digit of m?
1
Suppose -9024 = -120*o + 108*o. What is the units digit of o?
2
Let r(c) = -c - 5. Let d be r(-6). Let q(y) = -112*y**3 + y**2. Let g be q(d). Let k = -73 - g. What is the tens digit of k?
3
Let o = 41 - 68. Let f = o - -70. What is the units digit of f?
3
Let y = 7 + -2. Let d = -8 + 10. Suppose o = -2*c + d*o + 47, -112 = -y*c - 3*o. What is the tens digit of c?
2
Let j(o) = -84*o - 572. What is the tens digit of j(-19)?
2
Suppose 26*u = -4*o + 29*u + 2837, 0 = -3*o - 4*u + 2159. What is the tens digit of o?
1
Let z = -2 - -11. Suppose -3*w + z = 4*r, -4 = -4*r - w - 1. Suppose 0 = -r*c - 5*c + 235. What is the tens digit of c?
4
Let z = -5 + 9. Suppose 12 - z = 4*o. Suppose 61 = 5*q - i, 4*q = 2*i + o*i + 52. What is the tens digit of q?
1
Let v(z) = z**3 - 3*z**2 - 12*z + 12. Let r be v(5). Let p be (0 + 3)*(-7)/(-3). Suppose -r*s - 74 = -p*s - o, -4*s - 2*o = -58. What is the tens digit of s?
1
What is the tens digit of 12/8 - (-29631)/34?
7
Let d = -25 + 3. Let u = d + 26. What is the units digit of u?
4
Suppose -w = 4*w + 725. Let g = -97 - w. What is the tens digit of g?
4
Suppose -3*o + r + 8685 = 0, -5*r = 13*o - 12*o - 2911. What is the thousands digit of o?
2
Let o = 42 + -19. Let a = o - -21. What is the units digit of a?
4
Let j(r) = r**2 - 5*r - 3 + r + 9. Let a be j(6). Suppose 3*m = 2*m + a. What is the tens digit of m?
1
Suppose 0 = 3*t - 4 - 2. Suppose t*v = -3*v + 650. Let m = v + -88. What is the tens digit of m?
4
Let u = 3 - 0. Let f = u - 1. Suppose f*p = -7 + 33. What is the tens digit of p?
1
Suppose -2*x + 7*x = -65. Let n be 2/(-5) - 1596/60. Let b = x - n. What is the units digit of b?
4
Let l(t) = -3*t**2 - 36*t - 24. Let p(b) = -9*b**2 - 107*b - 73. Let u(v) = 8*l(v) - 3*p(v). What is the tens digit of u(-13)?
0
Let i(a) = 69*a**2 + 2*a + 13. Let u = -17 + 15. What is the hundreds digit of i(u)?
2
Let i = 1371 + -952. Suppose -5*f = -61 - i. Suppose -3*t = t - f. What is the units digit of t?
4
What is the tens digit of (-626)/(-10) + (-27)/45 - 4?
5
Let k = -65 - -147. Let q = -29 + k. What is the tens digit of q?
5
Suppose -62 - 22 = -14*r. Suppose -r*i = -i - 5*f - 385, -3*i + 255 = 5*f. What is the tens digit of i?
8
Suppose -2*v + 9 = -2*s + 3*v, 24 = 3*s + 5*v. Suppose p + 1114 = 5*i, -3*p + 669 - 15 = s*i. What is the hundreds digit of i?
2
Let c(d) = d**3 - 3*d**2 - 7*d - 9. Suppose -3*a = -12 - 6. What is the tens digit of c(a)?
5
Let m = -88 - -21. Let i = 12 - m. What is the units digit of i?
9
Let x(k) = -2*k**2 + 80*k + 15. What is the tens digit of x(36)?
0
Let c(t) = -t**3 + 10*t**2 + t - 8. Suppose 35 = 6*m - 25. Let s be c(m). Suppose -63 = -3*y + s*y. What is the units digit of y?
3
Suppose 0 = -3*f + 631 + 224. Suppose -f = 5*j - 10*j. What is the tens digit of j?
5
Let m(d) = -6*d + 5. Let b(c) be the third derivative of 7*c**4/24 - 5*c**3/6 + 4*c**2. Let r(p) = -4*b(p) - 5*m(p). What is the units digit of r(9)?
3
Let n(h) = 14*h**2 + h - 16. What is the thousands digit of n(15)?
3
Let w(k) = k + 15. Let m(g) = -g - 15. Let v(f) = 6*m(f) + 7*w(f). Let t be v(-9). Suppose -4*c = -t*c + 26. What is the tens digit of c?
1
Let i(d) = -21*d + 75. What is the tens digit of i(-11)?
0
Let j = 141 + -138. What is the tens digit of (-5 + (-317)/j)*-3?
3
Let m be 1908/16 + 2/(-8). Suppose 0 = q - m - 24. Let o = q + -81. What is the tens digit of o?
6
Suppose -210 - 2160 = -3*q. What is the tens digit of q?
9
Suppose -20 = -9*w + 5*w. Suppose 2*u - 2*m = 40, 5*u - w*m - 103 = -m. What is the tens digit of u?
2
What is the tens digit of (-10718)/(-6) + (80/(-15) - -7)?
8
Let q(l) = 7 - 7*l - 2*l + 0*l. What is the tens digit of q(-8)?
7
Let t(g) = 3*g. Let r be t(2). Let j(q) = -q**2 - 5*q - 9. Let i(p) = p**2 + 11*p + 17. Let l(f) = -3*i(f) - 5*j(f). What is the tens digit of l(r)?
1
Let u = -20 + 23. Suppose 5*z - 3*z - 3*f = 44, -6 = -u*f. What is the units digit of z?
5
Let v(r) be the third derivative of r**5/60 - 17*r**4/24 - 2*r**3 - 8*r**2. What is the tens digit of v(19)?
2
Suppose -5*f + 5*x = -1540, -2*x + x = -5. Suppose -8 = 7*d - 5*d, -5*u = -2*d - f. What is the units digit of u?
1
Let t be -192*((-2)/(-4) + -1). Let b = -30 + t. What is the units digit of b?
6
Let a = -29 - -49. Let h(b) = b**2 - 9*b - 29. What is the tens digit of h(a)?
9
Suppose 19 = o + 323. Let g = 533 + o. What is the units digit of g?
9
Suppose 27*k - 752 = 25*k. Suppose -4*s + 0*o + 4*o + k = 0, -s + 114 = 4*o. What is the tens digit of s?
9
Let w = -34 + 19. Let o = 17 + w. What is the units digit of 168/27 + o/(-9)?
6
Let h(r) = 60*r - 525. What is the tens digit of h(17)?
9
Let p = 0 - -2. Suppose -p*m = -l - m + 61, 5*m = -5*l + 295. What is the tens digit of l?
6
Let w = -4391 + 6982. What is the thousands digit of w?
2
Suppose 3*f = -2*f + 10. Suppose 4*m = f*m + 8. Suppose 4*w + 5*l = 26, 4*l = m*w - 4 - 4. What is the units digit of w?
4
Let d(n) = -n**2 + 6*n + 8. Let p be d(6). Let q(z) = -50*z**2 - 7 + 27*z**2 + 25*z**2 - 8*z. What is the tens digit of q(p)?
5
Let s be 4/14 - 525/(-49). Suppose 15 - s = 2*u. What is the units digit of u?
2
Let b be (14/(-8))/(3/36). Let i = b + 24. Suppose i*c = -v + 17, -4*v - 9 = -c + 1. What is the units digit of c?
6
Suppose -5*w + 137 = 2. Let i = w - 11. What is the units digit of i?
6
Let d(l) = 168*l**2 + 1. What is the tens digit of d(-3)?
1
Let o = -10397 - -14584. What is the units digit of o?
7
What is the tens digit of 124 + -9 + (-45)/(-9)?
2
Suppose 2*a + 2326 = 5*p, 7*a = 5*p + 8*a - 2332. What is the units digit of p?
6
Suppose 4*v = 3*v - 2*t + 13, -4*t - 9 = -5*v. Suppose -v*y = -0 - 40. What is the units digit of y/(-20) - (-12)/5?
2
Let u(d) = -7*d - 1. Let m be u(-1). Suppose 4*z = m*z - 10. Suppose 3 + 1 = 4*f, -2*f = -z*w + 8. What is the units digit of w?
2
Suppose -3 + 1 = y, -596 = -3*s - 2*y. Suppose 2*z - s = 5*m - 31, 3*z - 279 = -m. Suppose 0*x - z = -2*x. What is the tens digit of x?
4
Let n be 0 - 12/6 - -28*1. Suppose 0 = -c - c - 36. Let z = c + n. What is the units digit of z?
8
Suppose 3*d = 5*d - 8. Suppose -d*c + 110 = 7*c. What is the tens digit of c?
1
Let s = 30 - 30. Suppose -3*u + b + 363 = s, -4*u + 1 = -5*b - 483. What is the tens digit of u?
2
Let d(z) = -z**3 + 11*z**2 - z - 24. Let l(o) = o**2 - 2*o - 2. Let s be l(-2). What is the tens digit of d(s)?
5
Suppose 5*g + 2*n - 10 = 30, -5*g = -